{"id":62,"date":"2015-08-18T12:18:57","date_gmt":"2015-08-18T10:18:57","guid":{"rendered":"http:\/\/www.ralfs.de\/?page_id=62"},"modified":"2020-02-23T17:21:04","modified_gmt":"2020-02-23T16:21:04","slug":"referenzen","status":"publish","type":"page","link":"https:\/\/www.ralfs.de\/hier-entsteht-eine-neue-homepage\/referenzen\/","title":{"rendered":"Referenzen"},"content":{"rendered":"\n<p><\/p>\n\n\n\n<div class=\"wp-block-columns\">\n<div class=\"wp-block-column\" style=\"flex-basis:1%\"><\/div>\n\n\n\n<div class=\"wp-block-column\" style=\"flex-basis:83.09%\">\n<i>&#8220;&#8230; Die Stuttgarter Spielemesse profitierte von der Luftballomkunst und den verschiedenen Themenwelten, die Herr Esslinger auf Sonderschaufl\u00e4chen von bis zu 1000qm als aufw\u00e4ndige Installationen errichtete. Zu den erfolgeichsten Thmenwelten z\u00e4hlen unter anderem:<br><br><br>\n<ul>\n<li>Chinesischer Gl\u00fccksdrache mit verbotener Stadt.<\/li>\n<li>Dinosaurierausstellung<\/li>\n<li>Fr\u00fchlingsgarten<\/li>\n<li>Lego<\/li>\n<li>Riesige Ballon-Art-Torten f\u00fcr die Cake it<\/li>\n<li>Sonderausstellung zum Jubil\u00e4um des 500 Reformjahres<\/li>\n<li>Spuk Burg Labyrinth<\/li>\n<li>Unterwasserwelt<\/li>\n<li>Zoo im Mondrian Design<\/li>\n<\/ul>\nWir freuen uns auf die weitere Zusammenarbeit mit Ihm und empfehlen Ihn gerne weiter.&#8221; <\/i><br><br><b>Kerstin Heim, Senior Projektleiterin, Landesmesse Stuttgart.<\/b>\n<\/div>\n\n\n\n<div class=\"wp-block-column\" style=\"flex-basis:15.91%\"><\/div>\n<\/div>\n\n\n\n<div style=\"height:100px\" aria-hidden=\"true\" class=\"wp-block-spacer\"><\/div>\n\n\n\n<div class=\"wp-block-columns\">\n<div class=\"wp-block-column\">\n<figure class=\"wp-block-image size-large\"><img src=\"https:\/\/www.ralfs.de\/wp-content\/uploads\/2015\/08\/Guiness-Weltrekord-2001.jpg\" alt=\"\"\/><\/figure>\n<\/div>\n\n\n\n<div class=\"wp-block-column\">\n<figure class=\"wp-block-image size-large\"><img loading=\"lazy\" width=\"1024\" height=\"715\" src=\"https:\/\/www.ralfs.de\/wp-content\/uploads\/2015\/08\/Weltrekord-2012-1024x715.jpg\" alt=\"\" class=\"wp-image-388\" srcset=\"https:\/\/www.ralfs.de\/wp-content\/uploads\/2015\/08\/Weltrekord-2012-1024x715.jpg 1024w, https:\/\/www.ralfs.de\/wp-content\/uploads\/2015\/08\/Weltrekord-2012-300x210.jpg 300w\" sizes=\"(max-width: 1024px) 100vw, 1024px\" \/><figcaption>Weltrekord 2012<\/figcaption><\/figure>\n<\/div>\n<\/div>\n\n\n\n<div style=\"height:100px\" aria-hidden=\"true\" class=\"wp-block-spacer\"><\/div>\n\n\n\n<div class=\"wp-block-columns\">\n<div class=\"wp-block-column\" style=\"flex-basis:1%\"><\/div>\n\n\n\n<div class=\"wp-block-column\" style=\"flex-basis:81.47%\">\n<h3>Eine erfolgreiche Zusammenarbeit mit der Landesmesse Stuttgart.<\/h3>\n&#8220;<i>Im Zuge unsere 20-j\u00e4hrigen Zusammenarbeit stellte sich Ralf Esslinger als sehr zuverl\u00e4ssiger Partner heraus, der sich durch seine hohe Kreativit\u00e4t und k\u00e4nstlerischen Ideen auszeichnet. F\u00fcr und mit der Landesmesse Stuttgarte realisierte er zahlreiche Projekte, die unser Messeergebnis positiv beeinflusste und unsere Besucher begeisterten.\nNeben der Ballonkunst war Herr Esslinger auch als Moderator f\u00fcr die Messe Stuttgart t\u00e4tig und begeisterte bereits \u00fcber 250000 Besucher und Besucherinnen mit seinen Ballon Art workshops&#8230;. &#8220;<\/i> <br><br><b>Guido von Vacano, Mitglied der Gesch\u00e4ftsleitung, Bereichsleiter Landesmesse Stuttgart.<\/b>\n<\/div>\n\n\n\n<div class=\"wp-block-column\" style=\"flex-basis:17.53%\"><\/div>\n<\/div>\n\n\n\n<div style=\"height:100px\" aria-hidden=\"true\" class=\"wp-block-spacer\"><\/div>\n\n\n\n<div class=\"wp-block-columns\">\n<div class=\"wp-block-column\">\n<img loading=\"lazy\" src=\"https:\/\/www.ralfs.de\/wp-content\/uploads\/2015\/08\/Weltrekord-Workshop-2015.jpg\" alt=\"Ralf Esslinger\" width=\"100%\" height=\"\">\n<\/div>\n\n\n\n<div class=\"wp-block-column\">\n<figure class=\"wp-block-image size-large is-style-default\"><img loading=\"lazy\" width=\"791\" height=\"1024\" src=\"https:\/\/www.ralfs.de\/wp-content\/uploads\/2015\/08\/Urkunde-K\u00fcnstlerdJ-791x1024.jpg\" alt=\"\" class=\"wp-image-205\" srcset=\"https:\/\/www.ralfs.de\/wp-content\/uploads\/2015\/08\/Urkunde-K\u00fcnstlerdJ-791x1024.jpg 791w, https:\/\/www.ralfs.de\/wp-content\/uploads\/2015\/08\/Urkunde-K\u00fcnstlerdJ-232x300.jpg 232w, https:\/\/www.ralfs.de\/wp-content\/uploads\/2015\/08\/Urkunde-K\u00fcnstlerdJ.jpg 1024w\" sizes=\"(max-width: 791px) 100vw, 791px\" \/><\/figure>\n<\/div>\n<\/div>\n\n\n\n<div style=\"height:100px\" aria-hidden=\"true\" class=\"wp-block-spacer\"><\/div>\n\n\n\n<div class=\"wp-block-columns\">\n<div class=\"wp-block-column\" style=\"flex-basis:10%\"><\/div>\n\n\n\n<div class=\"wp-block-column\" style=\"flex-basis:90%\">\n<h3>Agenturen<\/h3>\n<ul>\n<li>Agentur M F G \u2013 Event Marketing<\/li>\n<li>Diverse Kultur\u00e4mter in Deutschland \/ \u00d6sterreich \/ Schweiz<\/li>\n<li>Eisinger Events GbR<\/li>\n<li>Landesgewerbeamt Baden-W\u00fcrttemberg<\/li>\n<li>Pflasterspektakel Linz<\/li>\n<li>Pforzheimer Kongre\u00df- und Marketing GmbH<\/li>\n<li>QUASAR Communications<\/li>\n<li>Sarasani GmbH<\/li>\n<li>Tourismus-Marketing GmbH Baden-W\u00fcrttemberg<\/li>\n<li>Wirtschaftsf\u00f6rderung Frankfurt GmbH<\/li>\n<li>50 Jahre Verfassungsschutz Land Baden-W\u00fcrttemberg<\/li>\n<li>Circle of Dreams Heidenheim<\/li>\n<li>Pixelfrosch \u2013 Agentur f\u00fcr visuelles Merchandising<\/li>\n<li>3Nasen<\/li>\n<li>Kw8<\/li>\n<li>Fifa Berlin \u2013 Familiennachmittag zur WM 2006<\/li>\n<li>Sportmuseum K\u00f6ln<\/li>\n<li>Agentur 48\u00b0<br>F\u00fcr die Deutsche Bahn AG: Ballonkunst zur Einweihung der neuen&nbsp;Schwarzwald-Bahn am 10.12.06<br>\u201cDer 250-km-Schnupper und Erlebnistag: die neue Schwarzwaldbahn\u201c<\/li>\n<li>K.M.R. Kreativmarketing Romer<\/li>\n<li>Eventopolis \u2013 Andr\u00e9 Fabian<\/li>\n<li>Nixdorf Veranstaltungen<\/li>\n<li>Agentur Ressmann<\/li>\n<li>A-Z + P Solutions<\/li>\n<li>Neugebauer &amp; Partner Werbeagentur GmbH<\/li>\n<li>HSG Zander<\/li>\n<\/ul>\n<h3>Firmen<\/h3>\n<ul>\n<li>ARBURG GmbH &amp; Co<\/li>\n<li>Bayer Vital AG<\/li>\n<li>Carl Zeiss AG<\/li>\n<li>Daimler Sindelfingen<\/li>\n<li>Daimler, BKK<\/li>\n<li>Deutsche Bahn AG<\/li>\n<li>Deutsche Bank Privat- und Gesch\u00e4ftskunden AG<\/li>\n<li>Auftritt als Gastgeschenk der Deutschen Bank f\u00fcr 50 Jahre SOS \u2013 Kinderdorf&nbsp;Schwarzwald<\/li>\n<li>Dringer &amp; Scheidel Wohn- und Gewerbebau Mannheim<\/li>\n<li>B\u00e4ckerei Ditsch (einer der 10 gr\u00f6\u00dften Fast-Food-Anbieter in Deutschland)<\/li>\n<li>Dr. Rolf Hein Nachfolger KG PUSTEFIX<\/li>\n<li>EnBW<\/li>\n<li>ENERGIS &amp; ISION Internet AG<\/li>\n<li>familia Handels-Betriebe GmbH &amp; Co. KG Rhein-Neckar<\/li>\n<li>Felsomat GmbH &amp; Co. KG<\/li>\n<li>FLEX Fonds<\/li>\n<li>hobbygross Erler GmbH<\/li>\n<li>ILFA GmbH \u2013 Messe Electronica M\u00fcnchen<\/li>\n<li>Jetter AG (Ludwigsburg)<\/li>\n<li>Konz &amp; Schaefer Handels \u2013 GmbH<\/li>\n<li>Leipziger Messe<\/li>\n<li>Einkaufcenter Lilien-Carr\u00e9, Wiesbaden<\/li>\n<li>LSW Stadtwerke Wolfsburg auf der Wolfsburger Messe<\/li>\n<li>Matthies Spielprodukte GmbH &amp; Co. KG (Living Puppets)<\/li>\n<li>NALDO Verkehrsverbund Neckar-Alb-Donau GmbH<\/li>\n<li>Nobelpreistr\u00e4ger Tour der Chemiker<\/li>\n<li>Osram<\/li>\n<li>RAND \u2013 Technologies<\/li>\n<li>Schl\u00f6ssle-Galerie Pforzheim (sch\u00f6nstes Einkaufszentrum Europas)<br>Ausrichtung der Weihnachtsaktionen, Events zu den Geburtstagen, Events<br>zum Schulbeginn,&#8230;<\/li>\n<li>Schloss Salem, eines der sch\u00f6nsten und bedeutendsten Kulturdenkm\u00e4lern&nbsp;der Bodenseeregion<\/li>\n<li>Sempertex und Event-Depot: K\u00fcnstlerische Unterst\u00fctzung des Messeauftritts&nbsp;auf der N\u00fcrnberger und Stuttgarter Spielemesse f\u00fcr den Ballonhersteller<br>Sempertex, Kolumbien und Event-Depot, die Deutschlandvertretung f\u00fcr<br>Sempertex.Ralf Esslinger ist der k\u00fcnstlerische Sympathietr\u00e4ger f\u00fcr<br>Sempertex und die Fa. Event Depot in Deutschland<\/li>\n<li>Fa. Sempertex in Deutschland: Gestaltung und Aufnahme der DVD<br>\u201eBallonmodellieren mit Sempertex \u2013 Folge 1\u201c<\/li>\n<li>Sindelfinger und B\u00f6blinger Zeitung<\/li>\n<li>Sparkassen im \u201eL\u00e4ndle\u201c<\/li>\n<li>Starbie Entertainment AG \/ Schweiz<\/li>\n<li>Stark-Druck (60-j\u00e4hriges Firmenjubil\u00e4um)<\/li>\n<li>Studienkreis (Promotionaktion in \u00fcber 40 St\u00e4dten Deutschlands)<\/li>\n<li>SVP Stadtverkehr Pforzheim GmbH &amp; Co. KG<\/li>\n<li>S\u00fcdwestdeutscher Einzelhandel GmbH<\/li>\n<li>TELENOT<\/li>\n<li>Teleround<\/li>\n<li>Treffpunkt Schindele GmbH (Weil der Stadt)<\/li>\n<li>Versandhaus Klingel<\/li>\n<li>Versandhaus Wenz<\/li>\n<li>Volksbanken<\/li>\n<li>Vorwerk<\/li>\n<li>W\u00fcrttembergische Versicherung<\/li>\n<li>Joma-Polytec<\/li>\n<li>Klex<\/li>\n<li>Ruf Automobile<\/li>\n<li>Dentaurum<\/li>\n<li>Autohaus Ratzel<\/li>\n<li>Bosch Leonberg \u2013 125 Jahre Automobil<\/li>\n<li>Valeo Schalter und Sensoren GmbH<\/li>\n<li>Denn&#8217;s Bio<\/li>\n<li>M\u00f6belzentrum Birkenfeld<\/li>\n<li>Elektro Kautz<\/li>\n<\/ul>\n<h3>Medien<\/h3>\n<ul>\n<li>ARD TV-Gottesdienst<\/li>\n<li>NTV<\/li>\n<li>N 3 \u201eDAS\u201c<\/li>\n<li>RTL \u201eB\u00e4rbel Sch\u00e4fer&#8221;<\/li>\n<li>RTL 2 \u201eSingles 99\u201c<\/li>\n<li>SAT 1 \u201eBlitz\u201c<\/li>\n<li>SWR \u201eDrei in einem Boot\u201c<\/li>\n<li>SWR Landesschau<\/li>\n<li>ZDF Fernsehgarten<\/li>\n<li>ZDF \u201eWetten dass&#8230;\u201c<br>Im November 2001 Wette gewonnen!<br>Unglaublich aber wahr: Drei verschieden gro\u00dfe scharfe Messer in drei<br>aufgeblasene und zugeknotete Modellierballons verpackt \u2013 die Ballons<br>blieben heil.<\/li>\n<li>CCTV (Chinesisches Staatsfernsehen) \u201eXinang tiaozhan ma?\u201c<br>Im November 2004 bei \u201eWollen wir wetten\u201c \u2013 chinesische Version von<br>\u201eWetten dass\u2026\u201c mit \u00fcber 200 (!) Millionen Zuschauern<\/li>\n<li>Jahres-Guinness-Show des CCTV (Chinesisches Staatsfernsehen)<br>Nach dem ersten gro\u00dfen Fernseherfolg nun wieder im Januar 2006 zu Gast in<br>China bei der gro\u00dfen Jahres-Guinness-Show des Chinesischen<br>Staatsfernsehens.<\/li>\n<li>Frechverlag<\/li>\n<li>Christopherus Verlag<\/li>\n<\/ul>\n<h3>Soziale Einrichtungen<\/h3>\n<ul>\n<li>Bezirksstelle f\u00fcr Evang. Erwachsenenbildung Karlsruhe und Durlach<\/li>\n<li>Bort f\u00fcr die Welt<\/li>\n<li>Christival in Kassel \u2013 Kulturbahnhof Funoptikum 2002<\/li>\n<li>CJD Berufsbildungswerk Frechen<\/li>\n<li>CJD Chemnitz: Musische Festtage 2003<\/li>\n<li>CJD Sportfestival 2007<\/li>\n<li>CVJM Bundessportfest Hille<\/li>\n<li>CVJM Landesverband W\u00fcrttemberg<\/li>\n<li>Deutsche Bibelgesellschaft (Tournee \u201eCrash-Tour-Bible\u201c)<\/li>\n<li>Deutscher Evang. Kirchentag (verschiedene St\u00e4dte)<\/li>\n<li>Diakonie Katastrophenhilfe<\/li>\n<li>EXPLO 04 in Basel \/ Schweiz<\/li>\n<li>Geistliches R\u00fcstzentrum Krelingen<\/li>\n<li>Kath. und Evang. Schuldekanate Pforzheim (Stadt und Land)<\/li>\n<li>Landesverband evang. Kinderch\u00f6re in Baden<\/li>\n<li>ProPop in Baden<\/li>\n<li>Fachkongress der Evang. Jugend in Bayern 02.10.2005<\/li>\n<li>CJD-Zentrale Ebersbach (Musische Intermezzi 2006)<\/li>\n<\/ul>\n<\/div>\n<\/div>\n\n\n\n<div class=\"wp-block-columns\">\n<div class=\"wp-block-column\"><\/div>\n\n\n\n<div class=\"wp-block-column\"><\/div>\n<\/div>\n\n\n\n<figure class=\"wp-block-image size-large is-style-default\"><img loading=\"lazy\" width=\"890\" height=\"677\" src=\"https:\/\/www.ralfs.de\/wp-content\/uploads\/2020\/02\/Ralf-Presse.jpg\" alt=\"\" class=\"wp-image-701\" srcset=\"https:\/\/www.ralfs.de\/wp-content\/uploads\/2020\/02\/Ralf-Presse.jpg 890w, https:\/\/www.ralfs.de\/wp-content\/uploads\/2020\/02\/Ralf-Presse-300x228.jpg 300w, https:\/\/www.ralfs.de\/wp-content\/uploads\/2020\/02\/Ralf-Presse-768x584.jpg 768w\" sizes=\"(max-width: 890px) 100vw, 890px\" \/><\/figure>\n","protected":false},"excerpt":{"rendered":"<p>&#8220;&#8230; Die Stuttgarter Spielemesse profitierte von der Luftballomkunst und den verschiedenen Themenwelten, die Herr Esslinger auf Sonderschaufl\u00e4chen von bis zu 1000qm als aufw\u00e4ndige Installationen errichtete. Zu den erfolgeichsten Thmenwelten z\u00e4hlen unter anderem: Chinesischer Gl\u00fccksdrache mit verbotener Stadt. Dinosaurierausstellung Fr\u00fchlingsgarten Lego Riesige Ballon-Art-Torten f\u00fcr die Cake it Sonderausstellung zum Jubil\u00e4um des 500 Reformjahres Spuk Burg Labyrinth [&hellip;]<\/p>\n","protected":false},"author":1,"featured_media":0,"parent":0,"menu_order":0,"comment_status":"closed","ping_status":"closed","template":"","meta":[],"yoast_head":"<!-- This site is optimized with the Yoast SEO plugin v16.6.1 - https:\/\/yoast.com\/wordpress\/plugins\/seo\/ -->\n<title>Referenzen -<\/title>\n<meta name=\"robots\" content=\"index, follow, max-snippet:-1, max-image-preview:large, max-video-preview:-1\" \/>\n<link rel=\"canonical\" href=\"https:\/\/www.ralfs.de\/hier-entsteht-eine-neue-homepage\/referenzen\/\" \/>\n<meta property=\"og:locale\" content=\"de_DE\" \/>\n<meta property=\"og:type\" content=\"article\" \/>\n<meta property=\"og:title\" content=\"Referenzen -\" \/>\n<meta property=\"og:description\" content=\"&#8220;&#8230; Die Stuttgarter Spielemesse profitierte von der Luftballomkunst und den verschiedenen Themenwelten, die Herr Esslinger auf Sonderschaufl\u00e4chen von bis zu 1000qm als aufw\u00e4ndige Installationen errichtete. Zu den erfolgeichsten Thmenwelten z\u00e4hlen unter anderem: Chinesischer Gl\u00fccksdrache mit verbotener Stadt. Dinosaurierausstellung Fr\u00fchlingsgarten Lego Riesige Ballon-Art-Torten f\u00fcr die Cake it Sonderausstellung zum Jubil\u00e4um des 500 Reformjahres Spuk Burg Labyrinth [&hellip;]\" \/>\n<meta property=\"og:url\" content=\"https:\/\/www.ralfs.de\/hier-entsteht-eine-neue-homepage\/referenzen\/\" \/>\n<meta property=\"article:modified_time\" content=\"2020-02-23T16:21:04+00:00\" \/>\n<meta property=\"og:image\" content=\"https:\/\/www.ralfs.de\/wp-content\/uploads\/2015\/08\/Guiness-Weltrekord-2001.jpg\" \/>\n<meta name=\"twitter:card\" content=\"summary_large_image\" \/>\n<meta name=\"twitter:label1\" content=\"Gesch\u00e4tzte Lesezeit\" \/>\n\t<meta name=\"twitter:data1\" content=\"4\u00a0Minuten\" \/>\n<script type=\"application\/ld+json\" class=\"yoast-schema-graph\">{\"@context\":\"https:\/\/schema.org\",\"@graph\":[{\"@type\":\"WebSite\",\"@id\":\"https:\/\/www.ralfs.de\/hier-entsteht-eine-neue-homepage\/#website\",\"url\":\"https:\/\/www.ralfs.de\/hier-entsteht-eine-neue-homepage\/\",\"name\":\"\",\"description\":\"\",\"potentialAction\":[{\"@type\":\"SearchAction\",\"target\":{\"@type\":\"EntryPoint\",\"urlTemplate\":\"https:\/\/www.ralfs.de\/hier-entsteht-eine-neue-homepage\/?s={search_term_string}\"},\"query-input\":\"required name=search_term_string\"}],\"inLanguage\":\"de\"},{\"@type\":\"ImageObject\",\"@id\":\"https:\/\/www.ralfs.de\/hier-entsteht-eine-neue-homepage\/referenzen\/#primaryimage\",\"inLanguage\":\"de\",\"url\":\"https:\/\/www.ralfs.de\/wp-content\/uploads\/2015\/08\/Guiness-Weltrekord-2001.jpg\",\"contentUrl\":\"https:\/\/www.ralfs.de\/wp-content\/uploads\/2015\/08\/Guiness-Weltrekord-2001.jpg\",\"width\":1144,\"height\":1166,\"caption\":\"Guiness Weltrekord-2001\"},{\"@type\":\"WebPage\",\"@id\":\"https:\/\/www.ralfs.de\/hier-entsteht-eine-neue-homepage\/referenzen\/#webpage\",\"url\":\"https:\/\/www.ralfs.de\/hier-entsteht-eine-neue-homepage\/referenzen\/\",\"name\":\"Referenzen -\",\"isPartOf\":{\"@id\":\"https:\/\/www.ralfs.de\/hier-entsteht-eine-neue-homepage\/#website\"},\"primaryImageOfPage\":{\"@id\":\"https:\/\/www.ralfs.de\/hier-entsteht-eine-neue-homepage\/referenzen\/#primaryimage\"},\"datePublished\":\"2015-08-18T10:18:57+00:00\",\"dateModified\":\"2020-02-23T16:21:04+00:00\",\"breadcrumb\":{\"@id\":\"https:\/\/www.ralfs.de\/hier-entsteht-eine-neue-homepage\/referenzen\/#breadcrumb\"},\"inLanguage\":\"de\",\"potentialAction\":[{\"@type\":\"ReadAction\",\"target\":[\"https:\/\/www.ralfs.de\/hier-entsteht-eine-neue-homepage\/referenzen\/\"]}]},{\"@type\":\"BreadcrumbList\",\"@id\":\"https:\/\/www.ralfs.de\/hier-entsteht-eine-neue-homepage\/referenzen\/#breadcrumb\",\"itemListElement\":[{\"@type\":\"ListItem\",\"position\":1,\"name\":\"Startseite\",\"item\":\"https:\/\/www.ralfs.de\/hier-entsteht-eine-neue-homepage\/\"},{\"@type\":\"ListItem\",\"position\":2,\"name\":\"Referenzen\"}]}]}<\/script>\n<!-- \/ Yoast SEO plugin. -->","_links":{"self":[{"href":"https:\/\/www.ralfs.de\/hier-entsteht-eine-neue-homepage\/wp-json\/wp\/v2\/pages\/62"}],"collection":[{"href":"https:\/\/www.ralfs.de\/hier-entsteht-eine-neue-homepage\/wp-json\/wp\/v2\/pages"}],"about":[{"href":"https:\/\/www.ralfs.de\/hier-entsteht-eine-neue-homepage\/wp-json\/wp\/v2\/types\/page"}],"author":[{"embeddable":true,"href":"https:\/\/www.ralfs.de\/hier-entsteht-eine-neue-homepage\/wp-json\/wp\/v2\/users\/1"}],"replies":[{"embeddable":true,"href":"https:\/\/www.ralfs.de\/hier-entsteht-eine-neue-homepage\/wp-json\/wp\/v2\/comments?post=62"}],"version-history":[{"count":27,"href":"https:\/\/www.ralfs.de\/hier-entsteht-eine-neue-homepage\/wp-json\/wp\/v2\/pages\/62\/revisions"}],"predecessor-version":[{"id":747,"href":"https:\/\/www.ralfs.de\/hier-entsteht-eine-neue-homepage\/wp-json\/wp\/v2\/pages\/62\/revisions\/747"}],"wp:attachment":[{"href":"https:\/\/www.ralfs.de\/hier-entsteht-eine-neue-homepage\/wp-json\/wp\/v2\/media?parent=62"}],"curies":[{"name":"wp","href":"https:\/\/api.w.org\/{rel}","templated":true}]}}